{"id":14008,"date":"2021-07-03T01:47:30","date_gmt":"2021-07-03T01:47:30","guid":{"rendered":"https:\/\/ddpack.online\/sirket-profili-copy\/"},"modified":"2022-11-03T16:25:59","modified_gmt":"2022-11-03T13:25:59","slug":"company-profile","status":"publish","type":"page","link":"https:\/\/www.durandogan.com\/?page_id=14008&lang=en","title":{"rendered":"Company Profile"},"content":{"rendered":"<p>[vc_row content_placement=&#8221;middle&#8221; parallax=&#8221;enable_parallax&#8221; bg_position=&#8221;center top&#8221; bg_attachment=&#8221;fixed&#8221; enable_overlay=&#8221;yes&#8221; css=&#8221;.vc_custom_1623583561814{padding-top: 140px !important;padding-bottom: 80px !important;background: #202045 url(https:\/\/www.durandogan.com\/wp-content\/uploads\/2021\/06\/sirketprofili.jpg?id=13484);}&#8221; responsive_css=&#8221;padding_top_medium:170px&#8221; overlay_bg=&#8221;rgba(0, 0, 0, 0.39)&#8221;][vc_column width=&#8221;1\/6&#8243;][\/vc_column][vc_column width=&#8221;2\/3&#8243;]<style>.ld_spacer_69e6128dd6c02{height:60px;}<\/style>\n<div class=\"ld-empty-space ld_spacer_69e6128dd6c02\"><\/div><style>.ld_fancy_heading_69e6128dd6e51 h4{color:rgb(255, 255, 255);background:rgba(115, 0, 20, 0.91);}.ld_fancy_heading_69e6128dd6e51 h4 {font-size:19px; } .ld_fancy_heading_69e6128dd6e51 h4 {font-weight:700; } .ld_fancy_heading_69e6128dd6e51 h4 {letter-spacing:0.08em; } .ld_fancy_heading_69e6128dd6e51 h4 {margin-bottom:0px !important;  } .ld_fancy_heading_69e6128dd6e51 .lqd-highlight-inner{height:0.275em!important;bottom:0px!important;}.ld_fancy_heading_69e6128dd6e51 h4 {font-size:19px; } .ld_fancy_heading_69e6128dd6e51 h4 {font-weight:700; } .ld_fancy_heading_69e6128dd6e51 h4 {letter-spacing:0.08em; } .ld_fancy_heading_69e6128dd6e51 h4 {margin-bottom:0px !important;  } <\/style><div class=\"ld-fancy-heading ld-fh-has-fill text-center text-uppercase ld_fancy_heading_69e6128dd6e51\">\n\t<h4 class=\"ld-fh-element semi-round lqd-highlight-underline lqd-highlight-grow-left text-decoration-default\"   >  About Us<\/h4><\/div><style>.ld_spacer_69e6128dd76c1{height:32px;}<\/style>\n<div class=\"ld-empty-space ld_spacer_69e6128dd76c1\"><\/div><style>.ld_fancy_heading_69e6128dd7876 h1{color:rgb(255, 255, 255);}@media (min-width: 992px) { .ld_fancy_heading_69e6128dd7876 h1 {font-size:74px; }  } .ld_fancy_heading_69e6128dd7876 h1 {line-height:0.9em; } .ld_fancy_heading_69e6128dd7876 h1 {--element-line-height:0.9em; } .ld_fancy_heading_69e6128dd7876 .lqd-highlight-inner{height:0.275em!important;bottom:0px!important;}@media (min-width: 992px) { .ld_fancy_heading_69e6128dd7876 h1 {font-size:74px; }  } .ld_fancy_heading_69e6128dd7876 h1 {line-height:0.9em; } .ld_fancy_heading_69e6128dd7876 h1 {--element-line-height:0.9em; } <\/style><div class=\"ld-fancy-heading text-center ld_fancy_heading_69e6128dd7876\">\n\t<h1 class=\"ld-fh-element lqd-highlight-underline lqd-highlight-grow-left text-decoration-default\"   >  Company Profile<\/h1><\/div><style>.ld_spacer_69e6128dd7d95{height:32px;}<\/style>\n<div class=\"ld-empty-space ld_spacer_69e6128dd7d95\"><\/div><style>.ld_fancy_heading_69e6128dd7f8f p{color:rgba(255, 255, 255, 0.7);}.ld_fancy_heading_69e6128dd7f8f p {font-size:17px; } .ld_fancy_heading_69e6128dd7f8f p {line-height:1.3em; } .ld_fancy_heading_69e6128dd7f8f p {--element-line-height:1.3em; } .ld_fancy_heading_69e6128dd7f8f .lqd-highlight-inner{height:0.275em!important;bottom:0px!important;}.ld_fancy_heading_69e6128dd7f8f p {font-size:17px; } .ld_fancy_heading_69e6128dd7f8f p {line-height:1.3em; } .ld_fancy_heading_69e6128dd7f8f p {--element-line-height:1.3em; } <\/style><div class=\"ld-fancy-heading text-center ld_fancy_heading_69e6128dd7f8f\">\n\t<p class=\"ld-fh-element lqd-highlight-underline lqd-highlight-grow-left text-decoration-default\"   >  As a growing company with a sustainable production approach, we contribute to the common goal of &#8220;leaving behind a livable world to future generations&#8221;.<\/p>\n<p>You can come across the packages we produce with our passion for innovation and our uncompromising understanding of quality anywhere in the world.<\/p><\/div>[\/vc_column][vc_column width=&#8221;1\/6&#8243;][\/vc_column][\/vc_row][vc_row full_width=&#8221;stretch_row&#8221; responsive_css=&#8221;margin_top_large:50px|margin_bottom_large:50px|padding_right_medium:6vw|padding_left_medium:6vw&#8221;][vc_column width=&#8221;1\/2&#8243;]<div class=\"ld-particles-container lqd-particles-as-bg ld_particles_69e6128dd8582\">\n\n\t<div class=\"ld-particles-inner\" id=\"lqd-1595673746671-a27c94f3-ba8e\" data-particles=\"true\" data-particles-options='{\"particles\":{\"number\":{\"value\":7},\"color\":{\"value\":[\"#40f292\",\"#97dff4\",\"#ffefd2\",\"#ffe3d1\"]},\"shape\":{\"type\":[\"circle\"]},\"opacity\":{\"random\":true,\"anim\":{\"enable\":true,\"opacity_min\":0.5,\"speed\":0,\"sync\":true}},\"size\":{\"value\":4,\"random\":true,\"anim\":{\"enable\":true,\"size_min\":70,\"speed\":1}},\"move\":{\"enable\":true,\"direction\":\"right\",\"speed\":1.5,\"random\":true,\"out_mode\":\"out\"}},\"interactivity\":[],\"retina_detect\":true,\"asBG\":true}'><\/div>\t\n\n<\/div><!-- \/.particles --><style>.ld_fancy_heading_69e6128dd8ea6 h1 {font-size:17px; } @media (min-width: 768px) { .ld_fancy_heading_69e6128dd8ea6 h1 {font-size:77px; }  } @media (min-width: 992px) { .ld_fancy_heading_69e6128dd8ea6 h1 {font-size:5vw; }  } @media (min-width: 1200px) { .ld_fancy_heading_69e6128dd8ea6 h1 {font-size:52px; }  } .ld_fancy_heading_69e6128dd8ea6 h1 {line-height:1.1em; } .ld_fancy_heading_69e6128dd8ea6 h1 {--element-line-height:1.1em; } .ld_fancy_heading_69e6128dd8ea6 h1 {letter-spacing:-0.02em; } .ld_fancy_heading_69e6128dd8ea6 .ld-fh-element{background:-webkit-linear-gradient(90deg, rgba(217, 54, 54, 0.89) 5.414012738853503%, rgba(123, 1, 6, 0.87) 51.27388535031847%, rgb(123, 74, 1) 95.54140127388536%);background:linear-gradient(90deg, rgba(217, 54, 54, 0.89) 5.414012738853503%, rgba(123, 1, 6, 0.87) 51.27388535031847%, rgb(123, 74, 1) 95.54140127388536%);}.ld_fancy_heading_69e6128dd8ea6 h1 {font-size:17px; } @media (min-width: 768px) { .ld_fancy_heading_69e6128dd8ea6 h1 {font-size:77px; }  } @media (min-width: 992px) { .ld_fancy_heading_69e6128dd8ea6 h1 {font-size:5vw; }  } @media (min-width: 1200px) { .ld_fancy_heading_69e6128dd8ea6 h1 {font-size:52px; }  } .ld_fancy_heading_69e6128dd8ea6 h1 {line-height:1.1em; } .ld_fancy_heading_69e6128dd8ea6 h1 {--element-line-height:1.1em; } .ld_fancy_heading_69e6128dd8ea6 h1 {letter-spacing:-0.02em; } .ld_fancy_heading_69e6128dd8ea6 .lqd-highlight-inner{height:0.275em!important;bottom:0px!important;}.ld_fancy_heading_69e6128dd8ea6 h1 {font-size:17px; } @media (min-width: 768px) { .ld_fancy_heading_69e6128dd8ea6 h1 {font-size:77px; }  } @media (min-width: 992px) { .ld_fancy_heading_69e6128dd8ea6 h1 {font-size:5vw; }  } @media (min-width: 1200px) { .ld_fancy_heading_69e6128dd8ea6 h1 {font-size:52px; }  } .ld_fancy_heading_69e6128dd8ea6 h1 {line-height:1.1em; } .ld_fancy_heading_69e6128dd8ea6 h1 {--element-line-height:1.1em; } .ld_fancy_heading_69e6128dd8ea6 h1 {letter-spacing:-0.02em; } <\/style><div class=\"ld-fancy-heading ld_fancy_heading_69e6128dd8ea6\">\n\t<h1 class=\"ld-fh-element ld-gradient-heading lqd-highlight-underline lqd-highlight-grow-left text-decoration-default lqd-split-lines\"   data-split-text=\"true\" data-split-options='{\"type\":\"lines\"}' data-custom-animations=\"true\" data-ca-options='{\"triggerHandler\":\"inview\",\"animationTarget\":\".lqd-lines > .split-inner\",\"duration\":\"1200\",\"delay\":\"80\",\"ease\":\"power1.in\",\"direction\":\"backward\",\"initValues\":{\"opacity\":0},\"animations\":{\"opacity\":1}}'>  History Of<\/h1><\/div><style>.ld_fancy_heading_69e6128dd9879 h2 {font-size:12vw; } @media (min-width: 768px) { .ld_fancy_heading_69e6128dd9879 h2 {font-size:7vmin; }  } .ld_fancy_heading_69e6128dd9879 h2 {line-height:1em; } .ld_fancy_heading_69e6128dd9879 h2 {--element-line-height:1em; } .ld_fancy_heading_69e6128dd9879 h2 {margin-top:-30px !important;  } .ld_fancy_heading_69e6128dd9879 .lqd-highlight-inner{height:0.1em!important;bottom:0.1em!important;background:rgb(6, 14, 98)!important;}.ld_fancy_heading_69e6128dd9879 h2 {font-size:12vw; } @media (min-width: 768px) { .ld_fancy_heading_69e6128dd9879 h2 {font-size:7vmin; }  } .ld_fancy_heading_69e6128dd9879 h2 {line-height:1em; } .ld_fancy_heading_69e6128dd9879 h2 {--element-line-height:1em; } .ld_fancy_heading_69e6128dd9879 h2 {margin-top:-30px !important;  } <\/style><div class=\"ld-fancy-heading ld_fancy_heading_69e6128dd9879\">\n\t<h2 class=\"ld-fh-element lqd-highlight-underline lqd-highlight-grow-left text-decoration-default lqd-split-chars\"   data-split-text=\"true\" data-split-options='{\"type\":\"chars, words\"}' data-custom-animations=\"true\" data-ca-options='{\"triggerHandler\":\"inview\",\"animationTarget\":\".lqd-chars > .split-inner\",\"duration\":\"1200\",\"delay\":\"80\",\"ease\":\"power4.out\",\"direction\":\"forward\",\"initValues\":{\"opacity\":0},\"animations\":{\"opacity\":1}}'>  Duran Do\u011fan<\/h2><\/div><style>.ld_fancy_heading_69e6128dda123 p {font-size:19px; } .ld_fancy_heading_69e6128dda123 p {line-height:31px; } .ld_fancy_heading_69e6128dda123 p {--element-line-height:31px; } @media (min-width: 992px) { .ld_fancy_heading_69e6128dda123 p {padding-right:12% !important;  }  } .ld_fancy_heading_69e6128dda123 p {margin-bottom:1.75em !important;  } .ld_fancy_heading_69e6128dda123 .lqd-highlight-inner{height:0.275em!important;bottom:0px!important;}.ld_fancy_heading_69e6128dda123 p {font-size:19px; } .ld_fancy_heading_69e6128dda123 p {line-height:31px; } .ld_fancy_heading_69e6128dda123 p {--element-line-height:31px; } @media (min-width: 992px) { .ld_fancy_heading_69e6128dda123 p {padding-right:12% !important;  }  } .ld_fancy_heading_69e6128dda123 p {margin-bottom:1.75em !important;  } <\/style><div class=\"ld-fancy-heading ld_fancy_heading_69e6128dda123\">\n\t<p class=\"ld-fh-element lqd-highlight-underline lqd-highlight-grow-left text-decoration-default lqd-split-lines\"   data-split-text=\"true\" data-split-options='{\"type\":\"lines\"}' data-custom-animations=\"true\" data-ca-options='{\"triggerHandler\":\"inview\",\"animationTarget\":\".lqd-lines > .split-inner\",\"duration\":\"1800\",\"delay\":\"180\",\"ease\":\"power4.out\",\"direction\":\"forward\",\"initValues\":{\"opacity\":0},\"animations\":{\"opacity\":1}}'>  Duran Do\u011fan Bas\u0131m ve Ambalaj Sanayi A.\u015e. was founded in 2005 with an extremely strong structure as a result of the merger of Duran Ofset and Do\u011fan Matbaac\u0131l\u0131k, two of the oldest and most experienced companies in the Turkish cardboard packaging industry.<\/p>\n<p>Duran Ofset was founded in 1953 under the name of Ali Duran Matbaas\u0131. The company which earned reputation in the packaging industry with its innovative and diverse product profile over time, became a joint stock company in 1975 and went public in 1991.<\/p>\n<p>Do\u011fan Matbaas\u0131 which was founded in 1934 by the Acemyan Family, has always offered the best quality solutions to its international customers with more than 70 years of experience until the merge.<\/p>\n<p>In 2005, these two companies decided to combine their experience and know-how in order to become the leading cardboard packaging manufacturer in the sector.<\/p><\/div>[\/vc_column][vc_column width=&#8221;1\/2&#8243; enable_content_animation=&#8221;yes&#8221; ca_init_scale_x=&#8221;1&#8243; ca_init_scale_y=&#8221;1&#8243; ca_init_opacity=&#8221;0&#8243; ca_an_scale_x=&#8221;1&#8243; ca_an_scale_y=&#8221;1&#8243; ca_an_opacity=&#8221;1&#8243; ca_init_scale_z=&#8221;1&#8243; ca_an_scale_z=&#8221;1&#8243; ca_duration=&#8221;1600&#8243; ca_delay=&#8221;120&#8243; ca_start_delay=&#8221;500&#8243;]<style>.ld_fancy_heading_69e6128dda8e8 p {font-size:19px; } .ld_fancy_heading_69e6128dda8e8 p {line-height:31px; } .ld_fancy_heading_69e6128dda8e8 p {--element-line-height:31px; } @media (min-width: 992px) { .ld_fancy_heading_69e6128dda8e8 p {padding-right:12% !important;  }  } .ld_fancy_heading_69e6128dda8e8 p {margin-bottom:1.75em !important;  } .ld_fancy_heading_69e6128dda8e8 .lqd-highlight-inner{height:0.275em!important;bottom:0px!important;}.ld_fancy_heading_69e6128dda8e8 p {font-size:19px; } .ld_fancy_heading_69e6128dda8e8 p {line-height:31px; } .ld_fancy_heading_69e6128dda8e8 p {--element-line-height:31px; } @media (min-width: 992px) { .ld_fancy_heading_69e6128dda8e8 p {padding-right:12% !important;  }  } .ld_fancy_heading_69e6128dda8e8 p {margin-bottom:1.75em !important;  } <\/style><div class=\"ld-fancy-heading ld_fancy_heading_69e6128dda8e8\">\n\t<p class=\"ld-fh-element lqd-highlight-underline lqd-highlight-grow-left text-decoration-default lqd-split-lines\"   data-split-text=\"true\" data-split-options='{\"type\":\"lines\"}'>  Duran Do\u011fan\u2019s customer profile consists of companies that stand out with their high-quality products in their own fields, and which are extremely selective in packaging. We use globally accepted SAP and EBA enterprise resource planning software for both internal communication and customer relations.\u00a0 All machines in the production area are monitored simultaneously using OMP planning software. With this software, the production orders are automatically planned with the most efficient and short deadline.<\/p>\n<p>In Duran Do\u011fan facilities which consist of 3 factories established in total 30,000 m\u00b2 closed area, more than 300 qualified personnel are employed and 60% of 50.000 tons of production capacity is exported to worldwide-known global brands. While we provide production in accordance with food safety and pursuant to sustainability, we also provide industrial design service to meet our business partners\u2019 demands. Production is carried out in accordance with ISO 9001, ISO 14001, BRC\/IOP and GMP systems and all closed areas are kept at constant humidity and temperature values for 24 hours.<\/p>\n<p>You will surely come across cardboard packages produced by Duran Do\u011fan anywhere in the world.<\/p><\/div>[\/vc_column][\/vc_row][vc_row][vc_column]<style>.ld_fancy_heading_69e6128ddb028 h2 {font-size:45px; } .ld_fancy_heading_69e6128ddb028 h2 {line-height:1.1em; } .ld_fancy_heading_69e6128ddb028 h2 {--element-line-height:1.1em; } .ld_fancy_heading_69e6128ddb028 .lqd-highlight-inner{height:0.275em!important;bottom:0px!important;background:rgba(115, 0, 23, 0.47)!important;}.ld_fancy_heading_69e6128ddb028 h2 {font-size:45px; } .ld_fancy_heading_69e6128ddb028 h2 {line-height:1.1em; } .ld_fancy_heading_69e6128ddb028 h2 {--element-line-height:1.1em; } <\/style><div class=\"ld-fancy-heading text-center ld_fancy_heading_69e6128ddb028\">\n\t<h2 class=\"ld-fh-element lqd-highlight-underline lqd-highlight-grow-left lqd-highlight-reset-onhover text-decoration-default\"  data-inview=\"true\" data-transition-delay=\"true\" data-delay-options=\"{&quot;elements&quot;:&quot;.lqd-highlight-inner&quot;,&quot;delayType&quot;:&quot;transition&quot;}\"  >  <mark class=\"lqd-highlight\"><span class=\"lqd-highlight-txt\"  > Our History.<\/span><span class=\"lqd-highlight-inner\"><svg class=\"lqd-highlight-brush-svg\" xmlns=\"http:\/\/www.w3.org\/2000\/svg\" width=\"235.509\" height=\"13.504\" viewBox=\"0 0 235.509 13.504\" aria-hidden=\"true\" preserveAspectRatio=\"none\"><path d=\"M163,.383a13.044,13.044,0,0,1,1.517-.072,3.528,3.528,0,0,1,1.237-.134q.618.044,1.237.044a.249.249,0,0,1-.1.178.337.337,0,0,0-.1.266q3.092.088,6.184-.044T178.953.4l-.206-.088a12,12,0,0,0,4.123,0,13.467,13.467,0,0,1,5.772,0q1.443-.178,2.68-.266A5.978,5.978,0,0,1,193.8.4,16.707,16.707,0,0,1,198.01.045q2.164.088,4.844.088-.618.088-.824.134L201.412.4a3.893,3.893,0,0,0,2.061,0,5.413,5.413,0,0,1,1.649-.356q.618.088,1.134.178a9.762,9.762,0,0,0,1.544.09,17,17,0,0,1,3.092-.266q1.649,0,3.5.178,2.886.088,5.875.044t5.875-.222q0,.088.206.088h.412a21.975,21.975,0,0,0,2.577.889A12.458,12.458,0,0,1,232.12,2.18a3.962,3.962,0,0,1,1.031.622A3.349,3.349,0,0,1,234.8,3.825a5.079,5.079,0,0,1,.618,1.111q.412.534-1.031.98-1.031.444-.618.98a2.09,2.09,0,0,1,.206.889q0,.444.825.889.618.8-.206,1.245l-1.237.534q-1.443-.088-2.68-.134a17.255,17.255,0,0,1-2.267-.222,3.128,3.128,0,0,0-.928-.044,3.129,3.129,0,0,1-.928-.044q-2.267-.178-4.432-.266T217.7,9.476q-1.649-.088-2.886-.088a17.343,17.343,0,0,1-2.474-.178q-3.916,0-7.73-.088t-7.73-.266l-12.471-.178q-6.287-.088-12.883-.088h-1.958q-.928,0-1.958.088h-2.061q-1.031,0-2.061-.088-2.68-.088-5.256-.134t-5.256.044h-5.462q-2.577,0-5.462.088-4.535.088-8.76.178t-8.554.088q-2.886.088-5.875.088t-5.875.088q-1.443.088-2.886.134t-3.092.044q-4.741.178-9.791.312t-9.791.312q-2.267.088-4.329.088T78.77,10.1q-4.329.266-8.863.49t-9.276.49q-1.237.088-2.68.134a24.356,24.356,0,0,0-2.683.224q-2.68.178-5.462.312t-5.668.4q-2.474.266-4.741.312t-4.741.044q-1.031-.088-1.958-.134a9.684,9.684,0,0,1-1.958-.312,12.5,12.5,0,0,0-1.443-.312q-.825-.134-1.856-.31-2.886.356-6.39.666t-6.8.845a26.709,26.709,0,0,1-2.886.356,20.758,20.758,0,0,1-9.482-.889Q.232,11.962.026,11.25T1.263,9.917q0-.266.825-.266a13.039,13.039,0,0,0,2.886-.444A17.187,17.187,0,0,1,7.86,8.672q3.092-.266,6.184-.8,1.649-.178,3.3-.312t3.5-.312q4.123-.354,8.039-.712t8.039-.622q9.478-.8,18.758-1.338,2.68-.178,5.153-.356t4.741-.356q2.474-.178,5.05-.356T75.88,3.24h1.34a4.829,4.829,0,0,0,1.34-.178q2.267-.178,4.329-.222t4.329-.134a7.256,7.256,0,0,1,2.267,0,3.459,3.459,0,0,0,1.031-.088,6.009,6.009,0,0,1,2.37-.266,14.745,14.745,0,0,0,2.783-.088q1.649,0,2.474.088a1.308,1.308,0,0,1,.185.011,1.226,1.226,0,0,1,.33-.1,3.656,3.656,0,0,0,.515-.088,4.433,4.433,0,0,1,2.886.266q.412-.088,1.031-.178l1.237-.178q.412,0,1.031.044a5.761,5.761,0,0,0,1.237-.044q2.886-.088,5.772-.044a53.829,53.829,0,0,0,5.772-.222,9.505,9.505,0,0,1,1.34-.088h1.34a4.428,4.428,0,0,1,.821-.258l.825-.178a15.178,15.178,0,0,1,1.855.444,3.028,3.028,0,0,1,1.031-.534,4.039,4.039,0,0,1,1.443-.178,6.158,6.158,0,0,1,1.649.178,5.05,5.05,0,0,0,2.267.268q1.855-.088,3.813-.134T138.13,1.2q1.031,0,2.164-.044t2.37-.044q-.206-.088.412-.534h3.092q.412,0,.309.266t.928,0a5.845,5.845,0,0,1,1.443,0,31.833,31.833,0,0,0,5.359.088,21.471,21.471,0,0,1,6.8.178,5.236,5.236,0,0,0,1.031-.4q.412-.222.825-.4a.694.694,0,0,1,.137.07Z\" transform=\"translate(0 0.002)\"\/><\/svg><\/span><\/mark><\/h2><\/div>[\/vc_column][\/vc_row][vc_row gap=&#8221;25&#8243; enable_row_dividers=&#8221;yes&#8221; responsive_css=&#8221;padding_top_medium:25px|padding_bottom_medium:70px|padding_top_small:25px|padding_bottom_small:30px&#8221; css=&#8221;.vc_custom_1626030493246{padding-top: 25px !important;padding-bottom: 20px !important;}&#8221; el_id=&#8221;digital-solutions&#8221; row_svg_divider=&#8221;bottom_shape_type:1|bottom_shape_color:%238d3f3f|bottom_shape_height:210&#8243;][vc_column width=&#8221;1\/2&#8243; responsive_css=&#8221;margin_bottom_medium:20px&#8221;]<style>.ld_milestone_69e6128ddb8df .liquid-milestone-time{color:rgb(15, 33, 55);}<\/style><div id=\"ld_milestone_69e6128ddb8df\" class=\"liquid-milestone ld_milestone_69e6128ddb8df\">\n\n\t<div class=\"liquid-milestone-time h3 mt-0\"><span>1934<\/span><\/div>\n\t<div class=\"liquid-milestone-content\">\n\t\t<h5 class=\"text-uppercase\">January<\/h5>\t\t<p>DO\u011eAN PACKAGING WAS FOUNDED by Mihran ACEMYAN \u3164\u3164<\/p>\n\t<\/div><!-- \/.liquid-milestone-content -->\n\n<\/div><!-- \/.liquid-milestone -->[\/vc_column][vc_column width=&#8221;1\/2&#8243; responsive_css=&#8221;margin_bottom_medium:20px&#8221;]<style>.ld_milestone_69e6128ddba07 .liquid-milestone-time{color:rgb(15, 33, 55);}<\/style><div id=\"ld_milestone_69e6128ddba07\" class=\"liquid-milestone ld_milestone_69e6128ddba07\">\n\n\t<div class=\"liquid-milestone-time h3 mt-0\"><span>1953<\/span><\/div>\n\t<div class=\"liquid-milestone-content\">\n\t\t<h5 class=\"text-uppercase\">March<\/h5>\t\t<p>DURAN OFFSET WAS FOUNDED by Ali DURAN<\/p>\n\t<\/div><!-- \/.liquid-milestone-content -->\n\n<\/div><!-- \/.liquid-milestone -->[\/vc_column][vc_column width=&#8221;1\/2&#8243; responsive_css=&#8221;margin_bottom_medium:20px&#8221;]<style>.ld_milestone_69e6128ddbb05 .liquid-milestone-time{color:rgb(15, 33, 55);}<\/style><div id=\"ld_milestone_69e6128ddbb05\" class=\"liquid-milestone ld_milestone_69e6128ddbb05\">\n\n\t<div class=\"liquid-milestone-time h3 mt-0\"><span>2005<\/span><\/div>\n\t<div class=\"liquid-milestone-content\">\n\t\t<h5 class=\"text-uppercase\">May<\/h5>\t\t<p>DURAN OFSET and DO\u011eAN AMBALAJ decided to continue their journey under the name of DURAN DO\u011eAN.<\/p>\n\t<\/div><!-- \/.liquid-milestone-content -->\n\n<\/div><!-- \/.liquid-milestone --><style>.ld_spacer_69e6128ddbc35{height:120px;}<\/style>\n<div class=\"ld-empty-space ld_spacer_69e6128ddbc35\"><\/div>[\/vc_column][vc_column width=&#8221;1\/2&#8243; responsive_css=&#8221;margin_bottom_medium:20px&#8221;]<style>.ld_milestone_69e6128ddbd05 .liquid-milestone-time{color:rgb(15, 33, 55);}<\/style><div id=\"ld_milestone_69e6128ddbd05\" class=\"liquid-milestone ld_milestone_69e6128ddbd05\">\n\n\t<div class=\"liquid-milestone-time h3 mt-0\"><span>2013<\/span><\/div>\n\t<div class=\"liquid-milestone-content\">\n\t\t<h5 class=\"text-uppercase\">August<\/h5>\t\t<p>A FAMOUS FRENCH COMPANY LGR PACKAGING HAS BECOME THE NEW PARTNER of DURAN DO\u011eAN FAMILY<\/p>\n\t<\/div><!-- \/.liquid-milestone-content -->\n\n<\/div><!-- \/.liquid-milestone -->[\/vc_column][\/vc_row]<\/p>\n","protected":false},"excerpt":{"rendered":"<p>[vc_row content_placement=&#8221;middle&#8221; parallax=&#8221;enable_parallax&#8221; bg_position=&#8221;center top&#8221; bg_attachment=&#8221;fixed&#8221; enable_overlay=&#8221;yes&#8221; css=&#8221;.vc_custom_1623583561814{padding-top: 140px !important;padding-bottom: 80px !important;background: #202045 url(https:\/\/www.durandogan.com\/wp-content\/uploads\/2021\/06\/sirketprofili.jpg?id=13484);}&#8221; responsive_css=&#8221;padding_top_medium:170px&#8221; overlay_bg=&#8221;rgba(0, 0, 0, 0.39)&#8221;][vc_column width=&#8221;1\/6&#8243;][\/vc_column][vc_column width=&#8221;2\/3&#8243;][\/vc_column][vc_column width=&#8221;1\/6&#8243;][\/vc_column][\/vc_row][vc_row full_width=&#8221;stretch_row&#8221; responsive_css=&#8221;margin_top_large:50px|margin_bottom_large:50px|padding_right_medium:6vw|padding_left_medium:6vw&#8221;][vc_column width=&#8221;1\/2&#8243;][\/vc_column][vc_column width=&#8221;1\/2&#8243; enable_content_animation=&#8221;yes&#8221; ca_init_scale_x=&#8221;1&#8243; ca_init_scale_y=&#8221;1&#8243; ca_init_opacity=&#8221;0&#8243; ca_an_scale_x=&#8221;1&#8243; ca_an_scale_y=&#8221;1&#8243; ca_an_opacity=&#8221;1&#8243; ca_init_scale_z=&#8221;1&#8243; ca_an_scale_z=&#8221;1&#8243; ca_duration=&#8221;1600&#8243; ca_delay=&#8221;120&#8243; ca_start_delay=&#8221;500&#8243;][\/vc_column][\/vc_row][vc_row][vc_column][\/vc_column][\/vc_row][vc_row gap=&#8221;25&#8243; enable_row_dividers=&#8221;yes&#8221; responsive_css=&#8221;padding_top_medium:25px|padding_bottom_medium:70px|padding_top_small:25px|padding_bottom_small:30px&#8221; css=&#8221;.vc_custom_1626030493246{padding-top: 25px !important;padding-bottom: 20px !important;}&#8221; el_id=&#8221;digital-solutions&#8221; row_svg_divider=&#8221;bottom_shape_type:1|bottom_shape_color:%238d3f3f|bottom_shape_height:210&#8243;][vc_column width=&#8221;1\/2&#8243; responsive_css=&#8221;margin_bottom_medium:20px&#8221;][\/vc_column][vc_column width=&#8221;1\/2&#8243; responsive_css=&#8221;margin_bottom_medium:20px&#8221;][\/vc_column][vc_column width=&#8221;1\/2&#8243; responsive_css=&#8221;margin_bottom_medium:20px&#8221;][\/vc_column][vc_column width=&#8221;1\/2&#8243; [&hellip;]<\/p>\n","protected":false},"author":2,"featured_media":0,"parent":0,"menu_order":0,"comment_status":"closed","ping_status":"closed","template":"","meta":{"footnotes":""},"class_list":["post-14008","page","type-page","status-publish","hentry"],"lang":"en","translations":{"en":14008,"tr":4473},"pll_sync_post":[],"_links":{"self":[{"href":"https:\/\/www.durandogan.com\/index.php?rest_route=\/wp\/v2\/pages\/14008","targetHints":{"allow":["GET"]}}],"collection":[{"href":"https:\/\/www.durandogan.com\/index.php?rest_route=\/wp\/v2\/pages"}],"about":[{"href":"https:\/\/www.durandogan.com\/index.php?rest_route=\/wp\/v2\/types\/page"}],"author":[{"embeddable":true,"href":"https:\/\/www.durandogan.com\/index.php?rest_route=\/wp\/v2\/users\/2"}],"replies":[{"embeddable":true,"href":"https:\/\/www.durandogan.com\/index.php?rest_route=%2Fwp%2Fv2%2Fcomments&post=14008"}],"version-history":[{"count":8,"href":"https:\/\/www.durandogan.com\/index.php?rest_route=\/wp\/v2\/pages\/14008\/revisions"}],"predecessor-version":[{"id":16648,"href":"https:\/\/www.durandogan.com\/index.php?rest_route=\/wp\/v2\/pages\/14008\/revisions\/16648"}],"wp:attachment":[{"href":"https:\/\/www.durandogan.com\/index.php?rest_route=%2Fwp%2Fv2%2Fmedia&parent=14008"}],"curies":[{"name":"wp","href":"https:\/\/api.w.org\/{rel}","templated":true}]}}