{"id":14115,"date":"2021-07-03T08:15:33","date_gmt":"2021-07-03T08:15:33","guid":{"rendered":"https:\/\/ddpack.online\/finansal-bilgiler-copy\/"},"modified":"2021-11-29T10:31:35","modified_gmt":"2021-11-29T07:31:35","slug":"haberler-ve-duyurular","status":"publish","type":"page","link":"https:\/\/www.durandogan.com\/?page_id=14115","title":{"rendered":"Haberler ve Duyurular"},"content":{"rendered":"<p>[vc_row content_placement=&#8221;middle&#8221; parallax=&#8221;enable_parallax&#8221; bg_position=&#8221;center center&#8221; bg_attachment=&#8221;fixed&#8221; enable_overlay=&#8221;yes&#8221; css=&#8221;.vc_custom_1625441102576{padding-top: 140px !important;padding-bottom: 80px !important;background: #202045 url(https:\/\/www.durandogan.com\/wp-content\/uploads\/2021\/07\/photo-1614028674026-a65e31bfd27c-1.jpeg?id=14559);background-position:center;background-repeat: no-repeat !important;background-size: cover !important;}&#8221; responsive_css=&#8221;padding_top_medium:170px&#8221; overlay_bg=&#8221;rgba(0, 0, 0, 0.39)&#8221;][vc_column width=&#8221;1\/6&#8243;][\/vc_column][vc_column width=&#8221;2\/3&#8243;]<style>.ld_spacer_69f233986b47a{height:60px;}<\/style>\n<div class=\"ld-empty-space ld_spacer_69f233986b47a\"><\/div><style>.ld_fancy_heading_69f233986b79d h4{color:rgb(255, 255, 255);background:rgba(115, 0, 20, 0.91);}.ld_fancy_heading_69f233986b79d h4 {font-size:19px; } .ld_fancy_heading_69f233986b79d h4 {font-weight:700; } .ld_fancy_heading_69f233986b79d h4 {letter-spacing:0.08em; } .ld_fancy_heading_69f233986b79d h4 {margin-bottom:0px !important;  } .ld_fancy_heading_69f233986b79d .lqd-highlight-inner{height:0.275em!important;bottom:0px!important;}.ld_fancy_heading_69f233986b79d h4 {font-size:19px; } .ld_fancy_heading_69f233986b79d h4 {font-weight:700; } .ld_fancy_heading_69f233986b79d h4 {letter-spacing:0.08em; } .ld_fancy_heading_69f233986b79d h4 {margin-bottom:0px !important;  } <\/style><div class=\"ld-fancy-heading ld-fh-has-fill text-center text-uppercase ld_fancy_heading_69f233986b79d\">\n\t<h4 class=\"ld-fh-element semi-round lqd-highlight-underline lqd-highlight-grow-left text-decoration-default\"   >  Kurumsal<\/h4><\/div><style>.ld_spacer_69f233986c580{height:32px;}<\/style>\n<div class=\"ld-empty-space ld_spacer_69f233986c580\"><\/div><style>.ld_fancy_heading_69f233986c7ea h1{color:rgb(255, 255, 255);}@media (min-width: 992px) { .ld_fancy_heading_69f233986c7ea h1 {font-size:74px; }  } .ld_fancy_heading_69f233986c7ea h1 {line-height:0.9em; } .ld_fancy_heading_69f233986c7ea h1 {--element-line-height:0.9em; } .ld_fancy_heading_69f233986c7ea .lqd-highlight-inner{height:0.275em!important;bottom:0px!important;}@media (min-width: 992px) { .ld_fancy_heading_69f233986c7ea h1 {font-size:74px; }  } .ld_fancy_heading_69f233986c7ea h1 {line-height:0.9em; } .ld_fancy_heading_69f233986c7ea h1 {--element-line-height:0.9em; } <\/style><div class=\"ld-fancy-heading text-center ld_fancy_heading_69f233986c7ea\">\n\t<h1 class=\"ld-fh-element lqd-highlight-underline lqd-highlight-grow-left text-decoration-default\"   >  Haberler ve Duyurular<\/h1><\/div><style>.ld_spacer_69f233986cc25{height:32px;}<\/style>\n<div class=\"ld-empty-space ld_spacer_69f233986cc25\"><\/div><style>.ld_fancy_heading_69f233986ce86 p{color:rgba(255, 255, 255, 0.7);}.ld_fancy_heading_69f233986ce86 p {font-size:17px; } .ld_fancy_heading_69f233986ce86 p {line-height:1.3em; } .ld_fancy_heading_69f233986ce86 p {--element-line-height:1.3em; } .ld_fancy_heading_69f233986ce86 .lqd-highlight-inner{height:0.275em!important;bottom:0px!important;}.ld_fancy_heading_69f233986ce86 p {font-size:17px; } .ld_fancy_heading_69f233986ce86 p {line-height:1.3em; } .ld_fancy_heading_69f233986ce86 p {--element-line-height:1.3em; } <\/style><div class=\"ld-fancy-heading text-center ld_fancy_heading_69f233986ce86\">\n\t<p class=\"ld-fh-element lqd-highlight-underline lqd-highlight-grow-left text-decoration-default\"   >  Duran Do\u011fan Ambalaj halka a\u00e7\u0131k bir \u015firket olup hisseleri BORSA \u0130ST \u2018da i\u015flem g\u00f6rmektedir. \u015eirketin kurumsal faaliyetleri ile ilgili bilgilere a\u015fa\u011f\u0131daki dok\u00fcmanlardan ula\u015f\u0131labilirsiniz.<\/p><\/div>[\/vc_column][vc_column width=&#8221;1\/6&#8243;][\/vc_column][\/vc_row][vc_row gap=&#8221;25&#8243; enable_row_dividers=&#8221;yes&#8221; responsive_css=&#8221;padding_top_medium:120px|padding_bottom_medium:70px|padding_top_small:80px|padding_bottom_small:30px&#8221; css=&#8221;.vc_custom_1625441081558{padding-top: 60px !important;padding-bottom: 20px !important;background-color: #f7f7f7 !important;}&#8221; el_id=&#8221;rapor&#8221; row_svg_divider=&#8221;bottom_shape_type:1|bottom_shape_color:%238d3f3f|bottom_shape_height:210&#8243;][vc_column responsive_css=&#8221;margin_bottom_medium:20px&#8221;]<style>.vc_accordion_69f233986d36f .accordion-title{font-size:19px;}.vc_accordion_69f233986d36f .accordion-item.active .accordion-title a{color:rgb(115, 1, 27);background:rgb(247, 247, 247);}.vc_accordion_69f233986d36f .accordion-title a{background:rgb(227, 227, 227);}.vc_accordion_69f233986d36f .accordion-title a, .vc_accordion_69f233986d36f .accordion-item{border-color:rgb(144, 144, 144);}.vc_accordion_69f233986d36f .accordion-item.active .accordion-title a, .vc_accordion_69f233986d36f .accordion-item.active{border-color:rgb(101, 101, 101);}<\/style><div class=\"accordion accordion-lg accordion-heading-has-shadow accordion-body-shadow accordion-active-has-fill accordion-title-bordered accordion-title-round accordion-expander-left vc_accordion_69f233986d36f\" id=\"vc_accordion_69f233986d36f\"\n     role=\"tablist\" aria-multiselectable=\"true\">\n\n\t            <div class=\"accordion-item panel  active \">\n\n                <div class=\"accordion-heading\" role=\"tab\" id=\"heading_lqd-1625241033623-9cdc59bf-f777\" data-id=\"lqd-1625241033623-9cdc59bf-f777\">\n                    <h4 class=\"accordion-title\" data-controls=\"lqd-1625241033623-9cdc59bf-f777\" tabindex=\"-1\">\n                        <a tabindex=\"0\" class=\"\" data-toggle=\"collapse\"  data-bs-toggle=\"collapse\"\n                           data-parent=\"#vc_accordion_69f233986d36f\" data-bs-parent=\"#vc_accordion_69f233986d36f\" href=\"#lqd-1625241033623-9cdc59bf-f777\" data-bs-target=\"#lqd-1625241033623-9cdc59bf-f777\"\n                           aria-expanded=\"true\" aria-controls=\"lqd-1625241033623-9cdc59bf-f777\">\n\n\t\t\t\t\t\t\t\n\t\t\t\t\t\t\tSunumlar\n\t\t\t\t\t\t\t                                <span class=\"accordion-expander\">\n\t\t\t\t\t\t\t\t\t\t\t\t\t\t\t\t\t\t\t<i class=\"fas fa-copy\"><\/i>\n\t\t\t\t\t\t\t\t\t\n\t\t\t\t\t\t\t\t\t\t\t\t\t\t\t\t\t\t\t<i class=\"far fa-copy\"><\/i>\n\t\t\t\t\t\t\t\t\t\t\t\t\t\t\t\t\t<\/span>\n\t\t\t\t\t\t\t\n                        <\/a>\n\n                    <\/h4>\n                <\/div>\n\n                <div id=\"lqd-1625241033623-9cdc59bf-f777\" class=\"accordion-collapse collapse show\"\n                    data-bs-parent=\"#vc_accordion_69f233986d36f\" role=\"tabpanel\" aria-labelledby=\"heading_lqd-1625241033623-9cdc59bf-f777\">\n                    <div class=\"accordion-content\">\n\t\t\t\t\t\t[vc_column_text]<\/p>\n<table style=\"width: 100%;\">\n<tbody>\n<tr>\n<td><a href=\"https:\/\/www.durandogan.com\/wp-content\/uploads\/2021\/11\/DURAN-DOGAN-Yatirimci-Sunumu-2021-Q3.pdf\" target=\"_blank\" rel=\"noopener\">DURAN DOGAN Yat\u0131r\u0131mc\u0131 Sunumu 2021 3. \u00c7eyrek<\/a><\/td>\n<td><a href=\"https:\/\/www.durandogan.com\/wp-content\/uploads\/2021\/11\/DURAN-DOGAN-Yatirimci-Sunumu-2021-Q3.pdf\" target=\"_blank\" rel=\"noopener\"><img decoding=\"async\" class=\"alignnone size-full wp-image-13865\" src=\"https:\/\/www.durandogan.com\/wp-content\/uploads\/2021\/07\/pdf2.png\" alt=\"\" width=\"24px\" height=\"24px\" \/><\/a><\/td>\n<\/tr>\n<tr>\n<td><a href=\"https:\/\/www.durandogan.com\/wp-content\/uploads\/2021\/09\/DURAN-DOGAN-Yatirimci-Sunumu-2021-Q2.pdf\" target=\"_blank\" rel=\"noopener\">DURAN DOGAN Yat\u0131r\u0131mc\u0131 Sunumu 2021 2. \u00c7eyrek<\/a><\/td>\n<td><a href=\"https:\/\/www.durandogan.com\/wp-content\/uploads\/2021\/09\/DURAN-DOGAN-Yatirimci-Sunumu-2021-Q2.pdf\" target=\"_blank\" rel=\"noopener\"><img decoding=\"async\" class=\"alignnone size-full wp-image-13865\" src=\"https:\/\/www.durandogan.com\/wp-content\/uploads\/2021\/07\/pdf2.png\" alt=\"\" width=\"24px\" height=\"24px\" \/><\/a><\/td>\n<\/tr>\n<\/tbody>\n<\/table>\n<p>[\/vc_column_text]                    <\/div>\n                <\/div>\n            <\/div>\n\t\t\t            <div class=\"accordion-item panel  \">\n\n                <div class=\"accordion-heading\" role=\"tab\" id=\"heading_lqd-1631800623291-fd86b2e4-8b80\" data-id=\"lqd-1631800623291-fd86b2e4-8b80\">\n                    <h4 class=\"accordion-title\" data-controls=\"lqd-1631800623291-fd86b2e4-8b80\" tabindex=\"-1\">\n                        <a tabindex=\"0\" class=\"collapsed\" data-toggle=\"collapse\"  data-bs-toggle=\"collapse\"\n                           data-parent=\"#vc_accordion_69f233986d36f\" data-bs-parent=\"#vc_accordion_69f233986d36f\" href=\"#lqd-1631800623291-fd86b2e4-8b80\" data-bs-target=\"#lqd-1631800623291-fd86b2e4-8b80\"\n                           aria-expanded=\"false\" aria-controls=\"lqd-1631800623291-fd86b2e4-8b80\">\n\n\t\t\t\t\t\t\t\n\t\t\t\t\t\t\t\u00d6zel Durum A\u00e7\u0131klamalar\u0131\n\t\t\t\t\t\t\t                                <span class=\"accordion-expander\">\n\t\t\t\t\t\t\t\t\t\t\t\t\t\t\t\t\t\t\t<i class=\"fas fa-copy\"><\/i>\n\t\t\t\t\t\t\t\t\t\n\t\t\t\t\t\t\t\t\t\t\t\t\t\t\t\t\t\t\t<i class=\"far fa-copy\"><\/i>\n\t\t\t\t\t\t\t\t\t\t\t\t\t\t\t\t\t<\/span>\n\t\t\t\t\t\t\t\n                        <\/a>\n\n                    <\/h4>\n                <\/div>\n\n                <div id=\"lqd-1631800623291-fd86b2e4-8b80\" class=\"accordion-collapse collapse\"\n                    data-bs-parent=\"#vc_accordion_69f233986d36f\" role=\"tabpanel\" aria-labelledby=\"heading_lqd-1631800623291-fd86b2e4-8b80\">\n                    <div class=\"accordion-content\">\n\t\t\t\t\t\t[vc_column_text]<\/p>\n<table style=\"width: 100%;\">\n<tbody>\n<tr>\n<td>2007<\/td>\n<td><a href=\"https:\/\/www.durandogan.com\/wp-content\/uploads\/2021\/08\/2007-ozel-durum-aciklamalari.pdf\" target=\"_blank\" rel=\"noopener\"><img decoding=\"async\" class=\"alignnone size-full wp-image-13865\" src=\"https:\/\/www.durandogan.com\/wp-content\/uploads\/2021\/07\/pdf2.png\" alt=\"\" width=\"24px\" height=\"24px\" \/><\/a><\/td>\n<td>2008<\/td>\n<td><a href=\"https:\/\/www.durandogan.com\/wp-content\/uploads\/2021\/08\/2008-ozel-durum-aciklamalari.pdf\" target=\"_blank\" rel=\"noopener\"><img decoding=\"async\" class=\"alignnone size-full wp-image-13865\" src=\"https:\/\/www.durandogan.com\/wp-content\/uploads\/2021\/07\/pdf2.png\" alt=\"\" width=\"24px\" height=\"24px\" \/><\/a><\/td>\n<td>2009<\/td>\n<td><a href=\"https:\/\/www.durandogan.com\/wp-content\/uploads\/2021\/08\/2009-ozel-durum-aciklamalari.pdf\" target=\"_blank\" rel=\"noopener\"><img decoding=\"async\" class=\"alignnone size-full wp-image-13865\" src=\"https:\/\/www.durandogan.com\/wp-content\/uploads\/2021\/07\/pdf2.png\" alt=\"\" width=\"24px\" height=\"24px\" \/><\/a><\/td>\n<td>2010<\/td>\n<td><a href=\"https:\/\/www.durandogan.com\/wp-content\/uploads\/2021\/08\/2010-ozel-durum-aciklamalari.pdf\" target=\"_blank\" rel=\"noopener\"><img decoding=\"async\" class=\"alignnone size-full wp-image-13865\" src=\"https:\/\/www.durandogan.com\/wp-content\/uploads\/2021\/07\/pdf2.png\" alt=\"\" width=\"24px\" height=\"24px\" \/><\/a><\/td>\n<td>2011<\/td>\n<td><a href=\"https:\/\/www.durandogan.com\/wp-content\/uploads\/2021\/08\/2011-ozel-durum-aciklamalari.pdf\" target=\"_blank\" rel=\"noopener\"><img decoding=\"async\" class=\"alignnone size-full wp-image-13865\" src=\"https:\/\/www.durandogan.com\/wp-content\/uploads\/2021\/07\/pdf2.png\" alt=\"\" width=\"24px\" height=\"24px\" \/><\/a><\/td>\n<\/tr>\n<tr>\n<td>2012<\/td>\n<td><a href=\"https:\/\/www.durandogan.com\/wp-content\/uploads\/2021\/08\/2012-ozel-durum-aciklamalari.pdf\" target=\"_blank\" rel=\"noopener\"><img decoding=\"async\" class=\"alignnone size-full wp-image-13865\" src=\"https:\/\/www.durandogan.com\/wp-content\/uploads\/2021\/07\/pdf2.png\" alt=\"\" width=\"24px\" height=\"24px\" \/><\/a><\/td>\n<td>2013<\/td>\n<td><a href=\"https:\/\/www.durandogan.com\/wp-content\/uploads\/2021\/08\/2013-ozel-durum-aciklamalari.pdf\" target=\"_blank\" rel=\"noopener\"><img decoding=\"async\" class=\"alignnone size-full wp-image-13865\" src=\"https:\/\/www.durandogan.com\/wp-content\/uploads\/2021\/07\/pdf2.png\" alt=\"\" width=\"24px\" height=\"24px\" \/><\/a><\/td>\n<td>2014<\/td>\n<td><a href=\"https:\/\/www.durandogan.com\/wp-content\/uploads\/2021\/08\/2014-ozel-durum-aciklamalari.pdf\" target=\"_blank\" rel=\"noopener\"><img decoding=\"async\" class=\"alignnone size-full wp-image-13865\" src=\"https:\/\/www.durandogan.com\/wp-content\/uploads\/2021\/07\/pdf2.png\" alt=\"\" width=\"24px\" height=\"24px\" \/><\/a><\/td>\n<td>2015<\/td>\n<td><a href=\"https:\/\/www.durandogan.com\/wp-content\/uploads\/2021\/08\/2015-ozel-durum-aciklamalari.pdf\" target=\"_blank\" rel=\"noopener\"><img decoding=\"async\" class=\"alignnone size-full wp-image-13865\" src=\"https:\/\/www.durandogan.com\/wp-content\/uploads\/2021\/07\/pdf2.png\" alt=\"\" width=\"24px\" height=\"24px\" \/><\/a><\/td>\n<td>2016<\/td>\n<td><a href=\"https:\/\/www.durandogan.com\/wp-content\/uploads\/2021\/08\/2016-ozel-durum-aciklamalari.pdf\" target=\"_blank\" rel=\"noopener\"><img decoding=\"async\" class=\"alignnone size-full wp-image-13865\" src=\"https:\/\/www.durandogan.com\/wp-content\/uploads\/2021\/07\/pdf2.png\" alt=\"\" width=\"24px\" height=\"24px\" \/><\/a><\/td>\n<\/tr>\n<tr>\n<td>2017<\/td>\n<td><a href=\"https:\/\/www.durandogan.com\/wp-content\/uploads\/2021\/08\/DURAN-DOGAN-BASIM-VE-AMBALAJ-SANAYI-A.S.-2017.pdf\" target=\"_blank\" rel=\"noopener\"><img decoding=\"async\" class=\"alignnone size-full wp-image-13865\" src=\"https:\/\/www.durandogan.com\/wp-content\/uploads\/2021\/07\/pdf2.png\" alt=\"\" width=\"24px\" height=\"24px\" \/><\/a><\/td>\n<td>2018<\/td>\n<td><a href=\"https:\/\/www.durandogan.com\/wp-content\/uploads\/2021\/08\/DURAN-DOGAN-BASIM-VE-AMBALAJ-SANAYI-A.S.-2018.pdf\" target=\"_blank\" rel=\"noopener\"><img decoding=\"async\" class=\"alignnone size-full wp-image-13865\" src=\"https:\/\/www.durandogan.com\/wp-content\/uploads\/2021\/07\/pdf2.png\" alt=\"\" width=\"24px\" height=\"24px\" \/><\/a><\/td>\n<td>2019<\/td>\n<td><a href=\"https:\/\/www.durandogan.com\/wp-content\/uploads\/2021\/08\/DURAN-DOGAN-BASIM-VE-AMBALAJ-SANAYI-A.S.-2019.pdf\" target=\"_blank\" rel=\"noopener\"><img decoding=\"async\" class=\"alignnone size-full wp-image-13865\" src=\"https:\/\/www.durandogan.com\/wp-content\/uploads\/2021\/07\/pdf2.png\" alt=\"\" width=\"24px\" height=\"24px\" \/><\/a><\/td>\n<td>2020<\/td>\n<td><a href=\"https:\/\/www.durandogan.com\/wp-content\/uploads\/2021\/08\/DURAN-DOGAN-BASIM-VE-AMBALAJ-SANAYI-A.S.-2020.pdf\" target=\"_blank\" rel=\"noopener\"><img decoding=\"async\" class=\"alignnone size-full wp-image-13865\" src=\"https:\/\/www.durandogan.com\/wp-content\/uploads\/2021\/07\/pdf2.png\" alt=\"\" width=\"24px\" height=\"24px\" \/><\/a><\/td>\n<td>2021<\/td>\n<td><a href=\"https:\/\/www.durandogan.com\/wp-content\/uploads\/2021\/08\/DURAN-DOGAN-BASIM-VE-AMBALAJ-SANAYI-A.S.-2021.pdf\" target=\"_blank\" rel=\"noopener\"><img decoding=\"async\" class=\"alignnone size-full wp-image-13865\" src=\"https:\/\/www.durandogan.com\/wp-content\/uploads\/2021\/07\/pdf2.png\" alt=\"\" width=\"24px\" height=\"24px\" \/><\/a><\/td>\n<\/tr>\n<\/tbody>\n<\/table>\n<p>[\/vc_column_text]                    <\/div>\n                <\/div>\n            <\/div>\n\t\t\t            <div class=\"accordion-item panel  \">\n\n                <div class=\"accordion-heading\" role=\"tab\" id=\"heading_lqd-1625265493424-4e22afab-422a\" data-id=\"lqd-1625265493424-4e22afab-422a\">\n                    <h4 class=\"accordion-title\" data-controls=\"lqd-1625265493424-4e22afab-422a\" tabindex=\"-1\">\n                        <a tabindex=\"0\" class=\"collapsed\" data-toggle=\"collapse\"  data-bs-toggle=\"collapse\"\n                           data-parent=\"#vc_accordion_69f233986d36f\" data-bs-parent=\"#vc_accordion_69f233986d36f\" href=\"#lqd-1625265493424-4e22afab-422a\" data-bs-target=\"#lqd-1625265493424-4e22afab-422a\"\n                           aria-expanded=\"false\" aria-controls=\"lqd-1625265493424-4e22afab-422a\">\n\n\t\t\t\t\t\t\t\n\t\t\t\t\t\t\tGazete \u0130lanlar\u0131 ve Duyurular\n\t\t\t\t\t\t\t                                <span class=\"accordion-expander\">\n\t\t\t\t\t\t\t\t\t\t\t\t\t\t\t\t\t\t\t<i class=\"fas fa-copy\"><\/i>\n\t\t\t\t\t\t\t\t\t\n\t\t\t\t\t\t\t\t\t\t\t\t\t\t\t\t\t\t\t<i class=\"far fa-copy\"><\/i>\n\t\t\t\t\t\t\t\t\t\t\t\t\t\t\t\t\t<\/span>\n\t\t\t\t\t\t\t\n                        <\/a>\n\n                    <\/h4>\n                <\/div>\n\n                <div id=\"lqd-1625265493424-4e22afab-422a\" class=\"accordion-collapse collapse\"\n                    data-bs-parent=\"#vc_accordion_69f233986d36f\" role=\"tabpanel\" aria-labelledby=\"heading_lqd-1625265493424-4e22afab-422a\">\n                    <div class=\"accordion-content\">\n\t\t\t\t\t\t[vc_column_text]<\/p>\n<table style=\"width: 100%;\">\n<tbody>\n<tr>\n<td>2012<\/td>\n<td><a href=\"https:\/\/www.durandogan.com\/wp-content\/uploads\/2021\/08\/2012-olagan-genel-kurul-cagri-ilani.pdf\" target=\"_blank\" rel=\"noopener\"><img decoding=\"async\" class=\"alignnone size-full wp-image-13865\" src=\"https:\/\/www.durandogan.com\/wp-content\/uploads\/2021\/07\/pdf2.png\" alt=\"\" width=\"24px\" height=\"24px\" \/><\/a><\/td>\n<td>2013<\/td>\n<td><a href=\"https:\/\/www.durandogan.com\/wp-content\/uploads\/2021\/08\/2013-olagan-genel-kurul-cagri-ilani.pdf\" target=\"_blank\" rel=\"noopener\"><img decoding=\"async\" class=\"alignnone size-full wp-image-13865\" src=\"https:\/\/www.durandogan.com\/wp-content\/uploads\/2021\/07\/pdf2.png\" alt=\"\" width=\"24px\" height=\"24px\" \/><\/a><\/td>\n<td>2014<\/td>\n<td><a href=\"https:\/\/www.durandogan.com\/wp-content\/uploads\/2021\/08\/2014-olagan-genel-kurul-cagri-ilani.pdf\" target=\"_blank\" rel=\"noopener\"><img decoding=\"async\" class=\"alignnone size-full wp-image-13865\" src=\"https:\/\/www.durandogan.com\/wp-content\/uploads\/2021\/07\/pdf2.png\" alt=\"\" width=\"24px\" height=\"24px\" \/><\/a><\/td>\n<td>2015<\/td>\n<td><a href=\"https:\/\/www.durandogan.com\/wp-content\/uploads\/2021\/08\/2015-olagan-genel-kurul-cagri-ilani.pdf\" target=\"_blank\" rel=\"noopener\"><img decoding=\"async\" class=\"alignnone size-full wp-image-13865\" src=\"https:\/\/www.durandogan.com\/wp-content\/uploads\/2021\/07\/pdf2.png\" alt=\"\" width=\"24px\" height=\"24px\" \/><\/a><\/td>\n<td>2016<\/td>\n<td><a href=\"https:\/\/www.durandogan.com\/wp-content\/uploads\/2021\/08\/2016-Genel-Kurul-Bilgilendirme.pdf\" target=\"_blank\" rel=\"noopener\"><img decoding=\"async\" class=\"alignnone size-full wp-image-13865\" src=\"https:\/\/www.durandogan.com\/wp-content\/uploads\/2021\/07\/pdf2.png\" alt=\"\" width=\"24px\" height=\"24px\" \/><\/a><\/td>\n<\/tr>\n<tr>\n<td>2017<\/td>\n<td><a href=\"https:\/\/www.durandogan.com\/wp-content\/uploads\/2021\/08\/2017-genel-kurul-bilgilendirme.pdf\" target=\"_blank\" rel=\"noopener\"><img decoding=\"async\" class=\"alignnone size-full wp-image-13865\" src=\"https:\/\/www.durandogan.com\/wp-content\/uploads\/2021\/07\/pdf2.png\" alt=\"\" width=\"24px\" height=\"24px\" \/><\/a><\/td>\n<td>2018<\/td>\n<td><a href=\"https:\/\/www.durandogan.com\/wp-content\/uploads\/2021\/08\/2018-genel-kurul-bilgilendirme.pdf\" target=\"_blank\" rel=\"noopener\"><img decoding=\"async\" class=\"alignnone size-full wp-image-13865\" src=\"https:\/\/www.durandogan.com\/wp-content\/uploads\/2021\/07\/pdf2.png\" alt=\"\" width=\"24px\" height=\"24px\" \/><\/a><\/td>\n<td>2019<\/td>\n<td><a href=\"https:\/\/www.durandogan.com\/wp-content\/uploads\/2021\/08\/2019-genel-kurul-bilgilendirme.pdf\" target=\"_blank\" rel=\"noopener\"><img decoding=\"async\" class=\"alignnone size-full wp-image-13865\" src=\"https:\/\/www.durandogan.com\/wp-content\/uploads\/2021\/07\/pdf2.png\" alt=\"\" width=\"24px\" height=\"24px\" \/><\/a><\/td>\n<td>2020<\/td>\n<td><a href=\"https:\/\/www.durandogan.com\/wp-content\/uploads\/2021\/08\/DURAN-DOGAN-BASIM-VE-AMBALAJ-SANAYI-A.S.-2020.pdf\" target=\"_blank\" rel=\"noopener\"><img decoding=\"async\" class=\"alignnone size-full wp-image-13865\" src=\"https:\/\/www.durandogan.com\/wp-content\/uploads\/2021\/07\/pdf2.png\" alt=\"\" width=\"24px\" height=\"24px\" \/><\/a><\/td>\n<td>2021<\/td>\n<td><a href=\"https:\/\/www.durandogan.com\/wp-content\/uploads\/2021\/08\/DURAN-DOGAN-BASIM-VE-AMBALAJ-SANAYI-A.S.-2021.pdf\" target=\"_blank\" rel=\"noopener\"><img decoding=\"async\" class=\"alignnone size-full wp-image-13865\" src=\"https:\/\/www.durandogan.com\/wp-content\/uploads\/2021\/07\/pdf2.png\" alt=\"\" width=\"24px\" height=\"24px\" \/><\/a><\/td>\n<\/tr>\n<\/tbody>\n<\/table>\n<p>[\/vc_column_text]                    <\/div>\n                <\/div>\n            <\/div>\n\t\t\t<\/div>[\/vc_column][\/vc_row]<\/p>\n","protected":false},"excerpt":{"rendered":"<p>[vc_row content_placement=&#8221;middle&#8221; parallax=&#8221;enable_parallax&#8221; bg_position=&#8221;center center&#8221; bg_attachment=&#8221;fixed&#8221; enable_overlay=&#8221;yes&#8221; css=&#8221;.vc_custom_1625441102576{padding-top: 140px !important;padding-bottom: 80px !important;background: #202045 url(https:\/\/www.durandogan.com\/wp-content\/uploads\/2021\/07\/photo-1614028674026-a65e31bfd27c-1.jpeg?id=14559);background-position:center;background-repeat: no-repeat !important;background-size: cover !important;}&#8221; responsive_css=&#8221;padding_top_medium:170px&#8221; overlay_bg=&#8221;rgba(0, 0, 0, 0.39)&#8221;][vc_column width=&#8221;1\/6&#8243;][\/vc_column][vc_column width=&#8221;2\/3&#8243;][\/vc_column][vc_column width=&#8221;1\/6&#8243;][\/vc_column][\/vc_row][vc_row gap=&#8221;25&#8243; enable_row_dividers=&#8221;yes&#8221; responsive_css=&#8221;padding_top_medium:120px|padding_bottom_medium:70px|padding_top_small:80px|padding_bottom_small:30px&#8221; css=&#8221;.vc_custom_1625441081558{padding-top: 60px !important;padding-bottom: 20px !important;background-color: #f7f7f7 !important;}&#8221; el_id=&#8221;rapor&#8221; row_svg_divider=&#8221;bottom_shape_type:1|bottom_shape_color:%238d3f3f|bottom_shape_height:210&#8243;][vc_column responsive_css=&#8221;margin_bottom_medium:20px&#8221;][\/vc_column][\/vc_row]<\/p>\n","protected":false},"author":2,"featured_media":0,"parent":0,"menu_order":0,"comment_status":"closed","ping_status":"closed","template":"","meta":{"footnotes":""},"class_list":["post-14115","page","type-page","status-publish","hentry"],"lang":"tr","translations":{"tr":14115,"en":14672},"pll_sync_post":[],"_links":{"self":[{"href":"https:\/\/www.durandogan.com\/index.php?rest_route=\/wp\/v2\/pages\/14115","targetHints":{"allow":["GET"]}}],"collection":[{"href":"https:\/\/www.durandogan.com\/index.php?rest_route=\/wp\/v2\/pages"}],"about":[{"href":"https:\/\/www.durandogan.com\/index.php?rest_route=\/wp\/v2\/types\/page"}],"author":[{"embeddable":true,"href":"https:\/\/www.durandogan.com\/index.php?rest_route=\/wp\/v2\/users\/2"}],"replies":[{"embeddable":true,"href":"https:\/\/www.durandogan.com\/index.php?rest_route=%2Fwp%2Fv2%2Fcomments&post=14115"}],"version-history":[{"count":21,"href":"https:\/\/www.durandogan.com\/index.php?rest_route=\/wp\/v2\/pages\/14115\/revisions"}],"predecessor-version":[{"id":15993,"href":"https:\/\/www.durandogan.com\/index.php?rest_route=\/wp\/v2\/pages\/14115\/revisions\/15993"}],"wp:attachment":[{"href":"https:\/\/www.durandogan.com\/index.php?rest_route=%2Fwp%2Fv2%2Fmedia&parent=14115"}],"curies":[{"name":"wp","href":"https:\/\/api.w.org\/{rel}","templated":true}]}}