{"id":14543,"date":"2021-07-03T07:38:38","date_gmt":"2021-07-03T07:38:38","guid":{"rendered":"https:\/\/ddpack.online\/?page_id=14543"},"modified":"2026-02-18T16:33:26","modified_gmt":"2026-02-18T13:33:26","slug":"food-safety","status":"publish","type":"page","link":"https:\/\/www.durandogan.com\/?page_id=14543&lang=en","title":{"rendered":"Food Safety"},"content":{"rendered":"<p>[vc_row content_placement=&#8221;middle&#8221; parallax=&#8221;enable_parallax&#8221; bg_position=&#8221;center center&#8221; enable_overlay=&#8221;yes&#8221; css=&#8221;.vc_custom_1625612823230{padding-top: 140px !important;padding-bottom: 80px !important;background: #202045 url(https:\/\/www.durandogan.com\/wp-content\/uploads\/2021\/07\/diana-polekhina-9DrzSqFY6EQ-unsplash.jpg?id=14825);background-position:center;background-repeat:-repeat;background-size:cover;}&#8221; responsive_css=&#8221;padding_top_medium:170px&#8221; overlay_bg=&#8221;rgba(0, 0, 0, 0.39)&#8221;][vc_column width=&#8221;1\/6&#8243;][\/vc_column][vc_column width=&#8221;2\/3&#8243;]<style>.ld_spacer_69f224c90979c{height:60px;}<\/style>\n<div class=\"ld-empty-space ld_spacer_69f224c90979c\"><\/div><style>.ld_fancy_heading_69f224c909a18 h4{color:rgb(255, 255, 255);background:rgba(115, 0, 20, 0.91);}.ld_fancy_heading_69f224c909a18 h4 {font-size:19px; } .ld_fancy_heading_69f224c909a18 h4 {font-weight:700; } .ld_fancy_heading_69f224c909a18 h4 {letter-spacing:0.08em; } .ld_fancy_heading_69f224c909a18 h4 {margin-bottom:0px !important;  } .ld_fancy_heading_69f224c909a18 .lqd-highlight-inner{height:0.275em!important;bottom:0px!important;}.ld_fancy_heading_69f224c909a18 h4 {font-size:19px; } .ld_fancy_heading_69f224c909a18 h4 {font-weight:700; } .ld_fancy_heading_69f224c909a18 h4 {letter-spacing:0.08em; } .ld_fancy_heading_69f224c909a18 h4 {margin-bottom:0px !important;  } <\/style><div class=\"ld-fancy-heading ld-fh-has-fill text-center ld_fancy_heading_69f224c909a18\">\n\t<h4 class=\"ld-fh-element semi-round lqd-highlight-underline lqd-highlight-grow-left text-decoration-default\"   >  Quality &amp; Assurance<\/h4><\/div><style>.ld_spacer_69f224c90a95b{height:32px;}<\/style>\n<div class=\"ld-empty-space ld_spacer_69f224c90a95b\"><\/div><style>.ld_fancy_heading_69f224c90ab3b h1{color:rgb(255, 255, 255);}@media (min-width: 992px) { .ld_fancy_heading_69f224c90ab3b h1 {font-size:74px; }  } .ld_fancy_heading_69f224c90ab3b h1 {line-height:0.9em; } .ld_fancy_heading_69f224c90ab3b h1 {--element-line-height:0.9em; } .ld_fancy_heading_69f224c90ab3b .lqd-highlight-inner{height:0.275em!important;bottom:0px!important;}@media (min-width: 992px) { .ld_fancy_heading_69f224c90ab3b h1 {font-size:74px; }  } .ld_fancy_heading_69f224c90ab3b h1 {line-height:0.9em; } .ld_fancy_heading_69f224c90ab3b h1 {--element-line-height:0.9em; } <\/style><div class=\"ld-fancy-heading text-center ld_fancy_heading_69f224c90ab3b\">\n\t<h1 class=\"ld-fh-element lqd-highlight-underline lqd-highlight-grow-left text-decoration-default\"   >  Food Safety<\/h1><\/div><style>.ld_spacer_69f224c90b541{height:32px;}<\/style>\n<div class=\"ld-empty-space ld_spacer_69f224c90b541\"><\/div><style>.ld_fancy_heading_69f224c90b764 p{color:rgba(255, 255, 255, 0.7);}.ld_fancy_heading_69f224c90b764 p {font-size:17px; } .ld_fancy_heading_69f224c90b764 p {line-height:1.3em; } .ld_fancy_heading_69f224c90b764 p {--element-line-height:1.3em; } .ld_fancy_heading_69f224c90b764 .lqd-highlight-inner{height:0.275em!important;bottom:0px!important;}.ld_fancy_heading_69f224c90b764 p {font-size:17px; } .ld_fancy_heading_69f224c90b764 p {line-height:1.3em; } .ld_fancy_heading_69f224c90b764 p {--element-line-height:1.3em; } <\/style><div class=\"ld-fancy-heading text-center ld_fancy_heading_69f224c90b764\">\n\t<p class=\"ld-fh-element lqd-highlight-underline lqd-highlight-grow-left text-decoration-default\"   >  We create a reliable and sought-after brand value in the sector by providing the necessary working environment for Food Safety in all our production processes.<\/p><\/div>[\/vc_column][vc_column width=&#8221;1\/6&#8243;][\/vc_column][\/vc_row][vc_row css=&#8221;.vc_custom_1625612867045{margin-top: 75px !important;margin-bottom: 20px !important;}&#8221;][vc_column enable_content_animation=&#8221;yes&#8221; animation_preset=&#8221;Fade In Up&#8221; responsive_css=&#8221;margin_top_large:30px|margin_bottom_large:30px&#8221;][vc_column_text]The goal of Duran Do\u011fan Bas\u0131m ve Ambalaj A.\u015e, which adopts world standards in food packaging safety as its guide, is to carry out all production activities in a hygienic environment in order to maintain the unconditional trust of its customers, to ensure that the hazards are minimized by exhibiting a &#8220;Risk Management&#8221; approach in all processes related to quality and product safety.<\/p>\n<p>Our Safe and Quality Food Packaging production standards have become the life philosophy of our company.<\/p>\n<p>In this sense, while we direct our production with team spirit, our priority is the continuity of &#8220;safe food packaging&#8221; production, both in our supplier selection and in all our social responsibility projects.<\/p>\n<p>Our company, which has proven itself in the production of primary and secondary packaging that comes into contact with food, produces in compliance with all standards in terms of hygiene conditions, production tracking systems, quality laboratory practices, certificates and appropriate raw material supply.<\/p>\n<p>We have the knowledge and experience to compete with many countries in the world in this regard.[\/vc_column_text]<div class=\"ld-particles-container lqd-particles-as-bg ld_particles_69f224c90be8d\">\n\n\t<div class=\"ld-particles-inner\" id=\"lqd-1625612113073-b6b8d53d-3f5f\" data-particles=\"true\" data-particles-options='{\"particles\":{\"number\":{\"value\":15},\"shape\":{\"type\":[\"circle\"]},\"opacity\":{\"value\":0.6},\"size\":{\"value\":5},\"move\":{\"out_mode\":\"out\"}},\"interactivity\":{\"events\":{\"onhover\":{\"enable\":true,\"mode\":[\"bubble\"]}},\"modes\":{\"bubble\":{\"size\":15}}},\"asBG\":true}'><\/div>\t\n\n<\/div><!-- \/.particles -->[\/vc_column][\/vc_row][vc_row css=&#8221;.vc_custom_1625243491713{margin-top: 20px !important;margin-bottom: 20px !important;}&#8221;][vc_column enable_content_animation=&#8221;yes&#8221; animation_preset=&#8221;Scale Up&#8221; responsive_css=&#8221;margin_top_large:30px|margin_bottom_large:30px&#8221;][\/vc_column][\/vc_row][vc_row gap=&#8221;25&#8243; enable_row_dividers=&#8221;yes&#8221; responsive_css=&#8221;padding_top_medium:120px|padding_bottom_medium:70px|padding_top_small:80px|padding_bottom_small:30px&#8221; css=&#8221;.vc_custom_1625433406589{padding-top: 60px !important;padding-bottom: 20px !important;background-color: #f7f7f7 !important;}&#8221; el_id=&#8221;rapor&#8221; row_svg_divider=&#8221;bottom_shape_color:%23874758|bottom_shape_height:210&#8243;][vc_column responsive_css=&#8221;margin_bottom_medium:20px&#8221;]<style>.ld_fancy_heading_69f224c90cae9 h2 {font-size:22px; } @media (min-width: 992px) { .ld_fancy_heading_69f224c90cae9 h2 {font-size:20px; }  } .ld_fancy_heading_69f224c90cae9 .lqd-highlight-inner{height:0.275em!important;bottom:0px!important;}.ld_fancy_heading_69f224c90cae9 h2 {font-size:22px; } @media (min-width: 992px) { .ld_fancy_heading_69f224c90cae9 h2 {font-size:20px; }  } <\/style><div class=\"ld-fancy-heading mask-text ld_fancy_heading_69f224c90cae9\">\n\t<h2 class=\"ld-fh-element lqd-highlight-underline lqd-highlight-grow-left text-decoration-default lqd-split-words\"   data-split-text=\"true\" data-split-options='{\"type\":\"words\"}' data-custom-animations=\"true\" data-ca-options='{\"triggerHandler\":\"inview\",\"animationTarget\":\".lqd-words > .split-inner\",\"duration\":\"1000\",\"delay\":\"120\",\"ease\":\"power4.out\",\"direction\":\"forward\",\"initValues\":{\"y\":70},\"animations\":{\"y\":0}}'>  <strong>MANAGEMENT SYSTEMS &amp; CERTIFICATIONS<\/strong><\/h2><\/div><style>.vc_accordion_69f224c90dc7f .accordion-title{font-size:19px;}.vc_accordion_69f224c90dc7f .accordion-item.active .accordion-title a{color:rgba(98, 0, 18, 0.89);background:rgb(247, 247, 247);}.vc_accordion_69f224c90dc7f .accordion-title a{background:rgb(227, 227, 227);}.vc_accordion_69f224c90dc7f .accordion-title a, .vc_accordion_69f224c90dc7f .accordion-item{border-color:rgb(144, 144, 144);}.vc_accordion_69f224c90dc7f .accordion-item.active .accordion-title a, .vc_accordion_69f224c90dc7f .accordion-item.active{border-color:rgb(101, 101, 101);}<\/style><div class=\"accordion accordion-lg accordion-heading-has-shadow accordion-body-shadow accordion-active-has-fill accordion-title-bordered accordion-title-round accordion-expander-left vc_accordion_69f224c90dc7f\" id=\"vc_accordion_69f224c90dc7f\"\n     role=\"tablist\" aria-multiselectable=\"true\">\n\n\t            <div class=\"accordion-item panel  \">\n\n                <div class=\"accordion-heading\" role=\"tab\" id=\"heading_lqd-1625241033622-416cef54-7f09\" data-id=\"lqd-1625241033622-416cef54-7f09\">\n                    <h4 class=\"accordion-title\" data-controls=\"lqd-1625241033622-416cef54-7f09\" tabindex=\"-1\">\n                        <a tabindex=\"0\" class=\"collapsed\" data-toggle=\"collapse\"  data-bs-toggle=\"collapse\"\n                           data-parent=\"#vc_accordion_69f224c90dc7f\" data-bs-parent=\"#vc_accordion_69f224c90dc7f\" href=\"#lqd-1625241033622-416cef54-7f09\" data-bs-target=\"#lqd-1625241033622-416cef54-7f09\"\n                           aria-expanded=\"false\" aria-controls=\"lqd-1625241033622-416cef54-7f09\">\n\n\t\t\t\t\t\t\t\n\t\t\t\t\t\t\tBRCGS PM\n\t\t\t\t\t\t\t                                <span class=\"accordion-expander\">\n\t\t\t\t\t\t\t\t\t\t\t\t\t\t\t\t\t\t\t<i class=\"fas fa-copy\"><\/i>\n\t\t\t\t\t\t\t\t\t\n\t\t\t\t\t\t\t\t\t\t\t\t\t\t\t\t\t\t\t<i class=\"far fa-copy\"><\/i>\n\t\t\t\t\t\t\t\t\t\t\t\t\t\t\t\t\t<\/span>\n\t\t\t\t\t\t\t\n                        <\/a>\n\n                    <\/h4>\n                <\/div>\n\n                <div id=\"lqd-1625241033622-416cef54-7f09\" class=\"accordion-collapse collapse\"\n                    data-bs-parent=\"#vc_accordion_69f224c90dc7f\" role=\"tabpanel\" aria-labelledby=\"heading_lqd-1625241033622-416cef54-7f09\">\n                    <div class=\"accordion-content\">\n\t\t\t\t\t\t[vc_raw_html]JTNDaWZyYW1lJTIwc3JjJTNEJTIyaHR0cHMlM0ElMkYlMkZ3d3cuZHVyYW5kb2dhbi5jb20lMkZ3cC1jb250ZW50JTJGdXBsb2FkcyUyRjIwMjUlMkYxMiUyRjMxMzAyNDg5JTIwQlJDJTIwUGFjazdfMjAyNS0xMS0xOV9FTi5wZGYlM0Zjb2xvciUzRGZmZGEzOSUyNmFtcCUzQnRpdGxlJTNEMCUyNmFtcCUzQmJ5bGluZSUzRDAlMjZhbXAlM0Jwb3J0cmFpdCUzRDAlMjIlMjB3aWR0aCUzRCUyMjEwMCUyNSUyMiUyMGhlaWdodCUzRCUyMjkwMCUyMiUyMGFsbG93ZnVsbHNjcmVlbiUzRCUyMmFsbG93ZnVsbHNjcmVlbiUyMiUzRSUzQyUyRmlmcmFtZSUzRQ==[\/vc_raw_html]                    <\/div>\n                <\/div>\n            <\/div>\n\t\t\t            <div class=\"accordion-item panel  \">\n\n                <div class=\"accordion-heading\" role=\"tab\" id=\"heading_lqd-1625241033623-9cdc59bf-f777\" data-id=\"lqd-1625241033623-9cdc59bf-f777\">\n                    <h4 class=\"accordion-title\" data-controls=\"lqd-1625241033623-9cdc59bf-f777\" tabindex=\"-1\">\n                        <a tabindex=\"0\" class=\"collapsed\" data-toggle=\"collapse\"  data-bs-toggle=\"collapse\"\n                           data-parent=\"#vc_accordion_69f224c90dc7f\" data-bs-parent=\"#vc_accordion_69f224c90dc7f\" href=\"#lqd-1625241033623-9cdc59bf-f777\" data-bs-target=\"#lqd-1625241033623-9cdc59bf-f777\"\n                           aria-expanded=\"false\" aria-controls=\"lqd-1625241033623-9cdc59bf-f777\">\n\n\t\t\t\t\t\t\t\n\t\t\t\t\t\t\tECMA GMP\n\t\t\t\t\t\t\t                                <span class=\"accordion-expander\">\n\t\t\t\t\t\t\t\t\t\t\t\t\t\t\t\t\t\t\t<i class=\"fas fa-copy\"><\/i>\n\t\t\t\t\t\t\t\t\t\n\t\t\t\t\t\t\t\t\t\t\t\t\t\t\t\t\t\t\t<i class=\"far fa-copy\"><\/i>\n\t\t\t\t\t\t\t\t\t\t\t\t\t\t\t\t\t<\/span>\n\t\t\t\t\t\t\t\n                        <\/a>\n\n                    <\/h4>\n                <\/div>\n\n                <div id=\"lqd-1625241033623-9cdc59bf-f777\" class=\"accordion-collapse collapse\"\n                    data-bs-parent=\"#vc_accordion_69f224c90dc7f\" role=\"tabpanel\" aria-labelledby=\"heading_lqd-1625241033623-9cdc59bf-f777\">\n                    <div class=\"accordion-content\">\n\t\t\t\t\t\t[vc_raw_html]JTNDaWZyYW1lJTIwc3JjJTNEJTIyaHR0cHMlM0ElMkYlMkZ3d3cuZHVyYW5kb2dhbi5jb20lMkZ3cC1jb250ZW50JTJGdXBsb2FkcyUyRjIwMjUlMkYwMSUyRkVDTUElMjBHTVAlMjBDZXJ0aWZpY2F0ZSUyMDIwMjUlMjAtJTIwRHVyYW4lMjBEb2dhbi5wZGYlM0Zjb2xvciUzRGZmZGEzOSUyNmFtcCUzQnRpdGxlJTNEMCUyNmFtcCUzQmJ5bGluZSUzRDAlMjZhbXAlM0Jwb3J0cmFpdCUzRDAlMjIlMjB3aWR0aCUzRCUyMjEwMCUyNSUyMiUyMGhlaWdodCUzRCUyMjkwMCUyMiUyMGFsbG93ZnVsbHNjcmVlbiUzRCUyMmFsbG93ZnVsbHNjcmVlbiUyMiUzRSUzQyUyRmlmcmFtZSUzRQ==[\/vc_raw_html]                    <\/div>\n                <\/div>\n            <\/div>\n\t\t\t<\/div>[\/vc_column][\/vc_row]<\/p>\n","protected":false},"excerpt":{"rendered":"<p>[vc_row content_placement=&#8221;middle&#8221; parallax=&#8221;enable_parallax&#8221; bg_position=&#8221;center center&#8221; enable_overlay=&#8221;yes&#8221; css=&#8221;.vc_custom_1625612823230{padding-top: 140px !important;padding-bottom: 80px !important;background: #202045 url(https:\/\/www.durandogan.com\/wp-content\/uploads\/2021\/07\/diana-polekhina-9DrzSqFY6EQ-unsplash.jpg?id=14825);background-position:center;background-repeat:-repeat;background-size:cover;}&#8221; responsive_css=&#8221;padding_top_medium:170px&#8221; overlay_bg=&#8221;rgba(0, 0, 0, 0.39)&#8221;][vc_column width=&#8221;1\/6&#8243;][\/vc_column][vc_column width=&#8221;2\/3&#8243;][\/vc_column][vc_column width=&#8221;1\/6&#8243;][\/vc_column][\/vc_row][vc_row css=&#8221;.vc_custom_1625612867045{margin-top: 75px !important;margin-bottom: 20px !important;}&#8221;][vc_column enable_content_animation=&#8221;yes&#8221; animation_preset=&#8221;Fade In Up&#8221; responsive_css=&#8221;margin_top_large:30px|margin_bottom_large:30px&#8221;][vc_column_text]The goal of Duran Do\u011fan Bas\u0131m ve Ambalaj A.\u015e, which adopts world standards in food packaging safety as its guide, is to carry out all [&hellip;]<\/p>\n","protected":false},"author":2,"featured_media":0,"parent":0,"menu_order":0,"comment_status":"closed","ping_status":"closed","template":"","meta":{"footnotes":""},"class_list":["post-14543","page","type-page","status-publish","hentry"],"lang":"en","translations":{"en":14543},"pll_sync_post":[],"_links":{"self":[{"href":"https:\/\/www.durandogan.com\/index.php?rest_route=\/wp\/v2\/pages\/14543","targetHints":{"allow":["GET"]}}],"collection":[{"href":"https:\/\/www.durandogan.com\/index.php?rest_route=\/wp\/v2\/pages"}],"about":[{"href":"https:\/\/www.durandogan.com\/index.php?rest_route=\/wp\/v2\/types\/page"}],"author":[{"embeddable":true,"href":"https:\/\/www.durandogan.com\/index.php?rest_route=\/wp\/v2\/users\/2"}],"replies":[{"embeddable":true,"href":"https:\/\/www.durandogan.com\/index.php?rest_route=%2Fwp%2Fv2%2Fcomments&post=14543"}],"version-history":[{"count":10,"href":"https:\/\/www.durandogan.com\/index.php?rest_route=\/wp\/v2\/pages\/14543\/revisions"}],"predecessor-version":[{"id":17309,"href":"https:\/\/www.durandogan.com\/index.php?rest_route=\/wp\/v2\/pages\/14543\/revisions\/17309"}],"wp:attachment":[{"href":"https:\/\/www.durandogan.com\/index.php?rest_route=%2Fwp%2Fv2%2Fmedia&parent=14543"}],"curies":[{"name":"wp","href":"https:\/\/api.w.org\/{rel}","templated":true}]}}