{"id":14668,"date":"2021-07-03T01:29:10","date_gmt":"2021-07-03T01:29:10","guid":{"rendered":"https:\/\/ddpack.online\/?page_id=14668"},"modified":"2021-07-14T06:08:07","modified_gmt":"2021-07-14T06:08:07","slug":"stock-performance","status":"publish","type":"page","link":"https:\/\/www.durandogan.com\/?page_id=14668&lang=en","title":{"rendered":"Stock Performance"},"content":{"rendered":"<p>[vc_row content_placement=&#8221;middle&#8221; parallax=&#8221;enable_parallax&#8221; bg_position=&#8221;center center&#8221; bg_attachment=&#8221;fixed&#8221; enable_overlay=&#8221;yes&#8221; css=&#8221;.vc_custom_1625441188904{padding-top: 140px !important;padding-bottom: 80px !important;background: #202045 url(https:\/\/www.durandogan.com\/wp-content\/uploads\/2021\/07\/photo-1614028674026-a65e31bfd27c-1.jpeg?id=14559);background-position:center;background-repeat:-repeat !important;background-size: cover !important;}&#8221; responsive_css=&#8221;padding_top_medium:170px&#8221; overlay_bg=&#8221;rgba(0, 0, 0, 0.39)&#8221;][vc_column width=&#8221;1\/6&#8243;][\/vc_column][vc_column width=&#8221;2\/3&#8243;]<style>.ld_spacer_69f22252d5dac{height:60px;}<\/style>\n<div class=\"ld-empty-space ld_spacer_69f22252d5dac\"><\/div><style>.ld_fancy_heading_69f22252d6104 h4{color:rgb(255, 255, 255);background:rgb(136, 39, 49);}.ld_fancy_heading_69f22252d6104 h4 {font-size:19px; } .ld_fancy_heading_69f22252d6104 h4 {font-weight:700; } .ld_fancy_heading_69f22252d6104 h4 {letter-spacing:0.08em; } .ld_fancy_heading_69f22252d6104 h4 {margin-bottom:0px !important;  } .ld_fancy_heading_69f22252d6104 .lqd-highlight-inner{height:0.275em!important;bottom:0px!important;}.ld_fancy_heading_69f22252d6104 h4 {font-size:19px; } .ld_fancy_heading_69f22252d6104 h4 {font-weight:700; } .ld_fancy_heading_69f22252d6104 h4 {letter-spacing:0.08em; } .ld_fancy_heading_69f22252d6104 h4 {margin-bottom:0px !important;  } <\/style><div class=\"ld-fancy-heading ld-fh-has-fill text-center text-uppercase ld_fancy_heading_69f22252d6104\">\n\t<h4 class=\"ld-fh-element semi-round lqd-highlight-underline lqd-highlight-grow-left text-decoration-default\"   >  Corporate<\/h4><\/div><style>.ld_spacer_69f22252d7317{height:32px;}<\/style>\n<div class=\"ld-empty-space ld_spacer_69f22252d7317\"><\/div><style>.ld_fancy_heading_69f22252d75f5 h1{color:rgb(255, 255, 255);}@media (min-width: 992px) { .ld_fancy_heading_69f22252d75f5 h1 {font-size:74px; }  } .ld_fancy_heading_69f22252d75f5 h1 {line-height:0.9em; } .ld_fancy_heading_69f22252d75f5 h1 {--element-line-height:0.9em; } .ld_fancy_heading_69f22252d75f5 .lqd-highlight-inner{height:0.275em!important;bottom:0px!important;}@media (min-width: 992px) { .ld_fancy_heading_69f22252d75f5 h1 {font-size:74px; }  } .ld_fancy_heading_69f22252d75f5 h1 {line-height:0.9em; } .ld_fancy_heading_69f22252d75f5 h1 {--element-line-height:0.9em; } <\/style><div class=\"ld-fancy-heading text-center ld_fancy_heading_69f22252d75f5\">\n\t<h1 class=\"ld-fh-element lqd-highlight-underline lqd-highlight-grow-left text-decoration-default\"   >  Stock Performance<\/h1><\/div><style>.ld_spacer_69f22252d7a1c{height:32px;}<\/style>\n<div class=\"ld-empty-space ld_spacer_69f22252d7a1c\"><\/div><style>.ld_fancy_heading_69f22252d7bf8 p{color:rgba(255, 255, 255, 0.7);}.ld_fancy_heading_69f22252d7bf8 p {font-size:17px; } .ld_fancy_heading_69f22252d7bf8 p {line-height:1.3em; } .ld_fancy_heading_69f22252d7bf8 p {--element-line-height:1.3em; } .ld_fancy_heading_69f22252d7bf8 .lqd-highlight-inner{height:0.275em!important;bottom:0px!important;}.ld_fancy_heading_69f22252d7bf8 p {font-size:17px; } .ld_fancy_heading_69f22252d7bf8 p {line-height:1.3em; } .ld_fancy_heading_69f22252d7bf8 p {--element-line-height:1.3em; } <\/style><div class=\"ld-fancy-heading text-center ld_fancy_heading_69f22252d7bf8\">\n\t<p class=\"ld-fh-element lqd-highlight-underline lqd-highlight-grow-left text-decoration-default\"   >  Duran Do\u011fan Ambalaj is a publicly traded company and its shares are traded on BORSA IST. Information about the corporate activities of the company can be found in the following documents.<\/p><\/div>[\/vc_column][vc_column width=&#8221;1\/6&#8243;][\/vc_column][\/vc_row][vc_row css=&#8221;.vc_custom_1625243491713{margin-top: 20px !important;margin-bottom: 20px !important;}&#8221;][vc_column enable_content_animation=&#8221;yes&#8221; animation_preset=&#8221;Fade In Left&#8221; responsive_css=&#8221;margin_top_large:30px|margin_bottom_large:30px&#8221;]\n<style>.ld_typewriter_69f22252d7dac h2{color:rgb(136, 39, 49);}<\/style>\n<div id=\"ld_typewriter_69f22252d7dac\" class=\"lqd-typewriter ld_typewriter_69f22252d7dac\">\n\t<h2 data-typewriter=\"true\">\n\t\tLegal Notice\t<\/h2>\n<\/div>[vc_separator style=&#8221;shadow&#8221;][vc_column_text]<\/p>\n<div>On <strong>Duran Do\u011fan Bas\u0131m ve Ambalaj San. A.\u015e<\/strong>\u2019s website, the data given via the title of Shares Performance Information is provided by <strong>FOREX<\/strong> Inc. and sourced by <strong>BIST<\/strong>.<\/div>\n<div><\/div>\n<div>Statements containing in this page should not be considered as a recommendation in any way for investment decision purposes. Duran Do\u011fan Bas\u0131m ve Ambalaj San. A.\u015e and FOREX Inc. do not guarantee the information provided on this site is accurate, complete and unchanged. Therefore, it is recommended for the reader to confirm the accuracy of the information before acting on the basis of data obtained from the site, and it is on their own responsibility for the decisions based on this information. <strong>Duran Do\u011fan Bas\u0131m ve Ambalaj San. A.\u015e<\/strong> and <strong>FOREX<\/strong> Inc. shall not be liable in any way due to the lack of information or the mistakes. Also, all employees and consultants of Duran Do\u011fan Bas\u0131m ve Ambalaj San. A.\u015e and FOREX Inc. are not responsible from any direct or indirect damages that may arise from the information given.<\/div>\n<div><\/div>\n<div>Name and logo rights of BIST are under the protection of Brand Protection Certificate, which is not allowed to be used without permission, and it can not be republished. The copyrights of all the information disclosed under the name BIST solely belongs to BIST, it can not be republished. Market Data is driven from FOREX. BIST information presented on our website are the end of day data.<\/div>\n<p>[\/vc_column_text][\/vc_column][\/vc_row][vc_row][vc_column width=&#8221;1\/3&#8243; css=&#8221;.vc_custom_1625266651871{margin-bottom: 30px !important;}&#8221;][\/vc_column][vc_column width=&#8221;1\/3&#8243;]<a href=\"https:\/\/webservice.foreks.com\/foreks-web-widget\/nrvw0\" class=\"btn btn-solid text-uppercase btn-hover-txt-liquid-x round border-thin btn-has-label ld_button_69f22252d87c1\" data-lity=\"https:\/\/webservice.foreks.com\/foreks-web-widget\/nrvw0\" >\n\t<span>\n\t\t\n\t\t\t\t\t<span class=\"btn-txt\" data-text=\"I consent\" data-split-text=\"true\"\n\t\t\t\t\t    data-split-options='{\"type\": \"chars, words\"}'>I consent<\/span>\n\t\t\t\n\t\t\t\t\t<\/span>\n<\/a>\n<style>.ld_spacer_69f22252d9043{height:32px;}<\/style>\n<div class=\"ld-empty-space ld_spacer_69f22252d9043\"><\/div>[\/vc_column][vc_column width=&#8221;1\/3&#8243;][\/vc_column][\/vc_row]<\/p>\n","protected":false},"excerpt":{"rendered":"<p>[vc_row content_placement=&#8221;middle&#8221; parallax=&#8221;enable_parallax&#8221; bg_position=&#8221;center center&#8221; bg_attachment=&#8221;fixed&#8221; enable_overlay=&#8221;yes&#8221; css=&#8221;.vc_custom_1625441188904{padding-top: 140px !important;padding-bottom: 80px !important;background: #202045 url(https:\/\/www.durandogan.com\/wp-content\/uploads\/2021\/07\/photo-1614028674026-a65e31bfd27c-1.jpeg?id=14559);background-position:center;background-repeat:-repeat !important;background-size: cover !important;}&#8221; responsive_css=&#8221;padding_top_medium:170px&#8221; overlay_bg=&#8221;rgba(0, 0, 0, 0.39)&#8221;][vc_column width=&#8221;1\/6&#8243;][\/vc_column][vc_column width=&#8221;2\/3&#8243;][\/vc_column][vc_column width=&#8221;1\/6&#8243;][\/vc_column][\/vc_row][vc_row css=&#8221;.vc_custom_1625243491713{margin-top: 20px !important;margin-bottom: 20px !important;}&#8221;][vc_column enable_content_animation=&#8221;yes&#8221; animation_preset=&#8221;Fade In Left&#8221; responsive_css=&#8221;margin_top_large:30px|margin_bottom_large:30px&#8221;][vc_separator style=&#8221;shadow&#8221;][vc_column_text] On Duran Do\u011fan Bas\u0131m ve Ambalaj San. A.\u015e\u2019s website, the data given via the title of Shares Performance Information [&hellip;]<\/p>\n","protected":false},"author":2,"featured_media":0,"parent":0,"menu_order":0,"comment_status":"closed","ping_status":"closed","template":"","meta":{"footnotes":""},"class_list":["post-14668","page","type-page","status-publish","hentry"],"lang":"en","translations":{"tr":13884,"en":14668},"pll_sync_post":[],"_links":{"self":[{"href":"https:\/\/www.durandogan.com\/index.php?rest_route=\/wp\/v2\/pages\/14668","targetHints":{"allow":["GET"]}}],"collection":[{"href":"https:\/\/www.durandogan.com\/index.php?rest_route=\/wp\/v2\/pages"}],"about":[{"href":"https:\/\/www.durandogan.com\/index.php?rest_route=\/wp\/v2\/types\/page"}],"author":[{"embeddable":true,"href":"https:\/\/www.durandogan.com\/index.php?rest_route=\/wp\/v2\/users\/2"}],"replies":[{"embeddable":true,"href":"https:\/\/www.durandogan.com\/index.php?rest_route=%2Fwp%2Fv2%2Fcomments&post=14668"}],"version-history":[{"count":1,"href":"https:\/\/www.durandogan.com\/index.php?rest_route=\/wp\/v2\/pages\/14668\/revisions"}],"predecessor-version":[{"id":15590,"href":"https:\/\/www.durandogan.com\/index.php?rest_route=\/wp\/v2\/pages\/14668\/revisions\/15590"}],"wp:attachment":[{"href":"https:\/\/www.durandogan.com\/index.php?rest_route=%2Fwp%2Fv2%2Fmedia&parent=14668"}],"curies":[{"name":"wp","href":"https:\/\/api.w.org\/{rel}","templated":true}]}}